*-6. Suppose -5*i + 70 = -5*j, 4*i + 0*j = -5*j + 74. Calculate the greatest common factor of i and d.
2
Suppose -5*i - 3*m + 45 = 0, -3*i + 0*m + 27 = -m. Let u = -51 + 150. What is the highest common factor of i and u?
9
Let o be (-2)/11 + (-1055)/(-55). Let x be 170 - ((-2)/21 - 57/63). Calculate the greatest common factor of o and x.
19
Let j be (-2 + 23)*2/2. Suppose 2*r - 4*n = -3*r + 10, 0 = r + n - 2. Suppose -39 = -r*h - j. What is the greatest common divisor of h and 18?
9
Let o be 1 + 32 + 1*(-3 - -3). Suppose q + o = 2*k + 4*q, 3*k = 4*q + 75. Suppose -5*r = -142 - 383. Calculate the greatest common factor of r and k.
21
Let d = 169 + -155. Calculate the greatest common factor of d and 126.
14
Let s be -12 - -75 - (-3 - 0). Calculate the highest common divisor of 44 and s.
22
Suppose 5*y + 4*t = 22, -t + 4 = y - 1. Let a be (-32)/(-6)*(2/4 + 1). Suppose -18*f = -17*f - a. What is the greatest common factor of y and f?
2
Suppose 2*x + x - 72 = 0. Let j = 491 + -485. What is the greatest common divisor of j and x?
6
Suppose 3*f = 8*f - 5. Let z(t) = 104*t**2 + t. Let i be z(f). Let j(h) = 102*h + 933. Let k be j(-9). What is the highest common factor of k and i?
15
Let f(u) = u**3 + 8*u**2 + 5*u - 4. Let v be f(-6). Let d be (-587 + 17)*1/(-2). Suppose -242*b + d = -237*b. What is the greatest common divisor of v and b?
19
Let z(a) = -a**2 + a**2 + a**2 + 11*a + 43 + 3*a. Let r be z(-11). Calculate the greatest common divisor of 5 and r.
5
Let t(u) = u**3 - u**3 - 12*u + 5 + 8*u**2 - 20*u**2 + u**3. Let l be t(13). What is the greatest common divisor of 54 and l?
18
Let h(d) = 5*d + 10. Suppose 2 = 2*w - 0, -2*q = 4*w - 10. Let k be h(q). What is the highest common divisor of 5 and k?
5
Suppose 2*p - 4*p + 247 = -3*x, -4*x = -12. Suppose 4*g = -g + 80. Calculate the greatest common factor of g and p.
16
Let j be (-2)/(-4) + 34/4. Suppose 13*a = -24*a + 999. Calculate the greatest common factor of j and a.
9
Suppose 32*t = 19*t + 520. Calculate the highest common divisor of 168 and t.
8
Let o be (-1 - 0)*(5 - 9). Suppose -14 = o*y - 4*l + 6, -3*y - 3*l = -9. Let q be 4 + y - (4 - 2). Calculate the greatest common factor of q and 5.
1
Let q = -62 + 64. Suppose -g = -5*o - 53 - 5, 0 = -2*o - q. What is the highest common divisor of 106 and g?
53
Let b be (-20 - -18)*1*-1. Suppose -b*a = -3*d - 4, -a - 3*d + 4 = a. Calculate the greatest common factor of a and 16.
2
Suppose -3*y + 0*h - 2*h + 29 = 0, -3*y + 2*h + 37 = 0. Suppose 3*u = -17 + 44. Suppose -2*x + u = -y. What is the greatest common factor of 40 and x?
10
Suppose 0 = o + 5, 4*f - 3*o = 2*f + 505. Suppose -90*b + 91*b = f. Calculate the highest common factor of 35 and b.
35
Suppose s + 21 = -2*r - 3*r, -25 = 5*r. Suppose s*l - 52 = -0*l. Let b be 44 + -5 + -3 + 3. What is the highest common divisor of b and l?
13
Let w(r) = -29*r - 18. Let o be w(-2). Calculate the highest common factor of 220 and o.
20
Suppose -3*t - 2*i = -0*t - 196, 4*i = 8. What is the highest common factor of t and 8?
8
Let h be 2264/14 - (-2)/7. Suppose -5*r = -m - 34, 162 - 200 = -3*r + 5*m. Calculate the highest common divisor of r and h.
6
Let r = 14 + 5. Calculate the highest common factor of r and 247.
19
Suppose 0 = -m, -2*m = 2*t + 3*t - 40. Suppose 0 = -4*c - t, -s + c - 18 = -2*s. What is the highest common divisor of s and 20?
20
Let g = 3850 - 2070. What is the greatest common factor of g and 20?
20
Suppose -3*g + 12 = -24. Calculate the greatest common divisor of 138 and g.
6
Suppose -5*g - 2*l + 283 = -815, -5*g = -2*l - 1102. Calculate the greatest common divisor of 484 and g.
44
Let q be (37/2)/(-1 - (-9)/6). Let a = q + -21. What is the highest common factor of 8 and a?
8
Let o = -16 + 24. Let v be (0 + 6)*28/(-56). Let i be (28/(-21))/(1/v). Calculate the greatest common divisor of o and i.
4
Suppose -7164 = -28*a - 1788. Let l(b) = -b**2 + 15*b + 12. Let r be l(15). What is the greatest common factor of a and r?
12
Let w(i) = -10*i**2 + 3*i - 14. Let c be w(-5). Let z = -199 - c. Calculate the highest common factor of z and 10.
10
Let k(y) = -2*y - 16. Let p be k(-12). Suppose -p*b - 63 = -183. Calculate the highest common divisor of b and 15.
15
Suppose 3*b - 1 = -2*s, 2*s + 2*s - 2*b + 6 = 0. Let d be -20 + s + 4 + -1. Let r = 6 - d. Calculate the greatest common factor of r and 24.
24
Let o = 15 + -24. Let k(a) = -a + 11. Let d be k(o). What is the highest common divisor of 10 and d?
10
Suppose 19*j - 20*j + 48 = 0. What is the highest common factor of j and 384?
48
Let o = -4 - -7. Suppose -o*g + 29 = -1. Suppose -4*b + 4*x + 32 = -2*b, -2*x + 34 = 4*b. What is the greatest common divisor of g and b?
10
Let y be (-100)/(-175) - 1336/(-14). What is the highest common divisor of 32 and y?
32
Let t(q) = q + 20. Let w be t(-6). Let g be 3 + w/(-2)*(-7 - -6). Calculate the greatest common divisor of g and 50.
10
Suppose 62*u - 192 = 2846. What is the highest common factor of u and 1?
1
Suppose -5*f + 911 = -1014. Let c be -62*(-3 + 3 - 4). Suppose 5*l = -73 + c. Calculate the greatest common factor of f and l.
35
Let q be (-3 - (-41)/5)/((-52)/(-130)). Suppose -4*p = -6*p + 234. Calculate the highest common factor of q and p.
13
Let m be ((-6)/(-8))/((-12)/(-80)). Suppose 32 = m*j + 5*x - 188, -2*j + 103 = 5*x. What is the highest common factor of j and 13?
13
Let y(v) = -9*v**3 + 4*v**2 - 3*v + 6. Let w be y(-6). Suppose -3*s - 3*s + w = 0. What is the greatest common divisor of 32 and s?
32
Suppose -10 = -x - s, -4*x + 26 + 9 = 5*s. What is the greatest common factor of 10 and x?
5
Suppose -90*w + 132 = -86*w. Let a be 25*w*(-1)/(-5). Let l = -30 - -45. Calculate the greatest common divisor of a and l.
15
Let c(j) = 16. Let q(z) = -z - 33. Let w(o) = -5*c(o) - 2*q(o). Let g be w(16). Calculate the greatest common divisor of 18 and g.
18
Let x(t) = -t**3 + 17*t**2 - 3*t + 3 + t + t + 15. Let v be x(17). What is the greatest common divisor of v and 1?
1
Suppose -9*l = -11*l + 212. Let c be 12/(-20) + l/10. Suppose 4*z - 1006 + 203 = -5*m, 0 = -2*m - c. What is the greatest common divisor of z and 23?
23
Let j be (-54)/4*2*-1. Suppose 349 = 4*f + 5*l, -23*l + 22*l = f - 86. Calculate the greatest common divisor of j and f.
27
Suppose -888 + 2463 = 3*u. Suppose -x + u = 4*x. What is the highest common divisor of x and 35?
35
Let m be 5/(-3)*-5*24/20. What is the greatest common factor of m and 10?
10
Suppose 0 = -4*r + 3*j + 372, -11*r - 5*j = -14*r + 290. What is the highest common divisor of r and 18?
18
Suppose 19*q - 11 = 18*q. Suppose -4 - 2 = r. Let o be (-231)/r*(-2 + 4). Calculate the highest common factor of o and q.
11
Let q = 36 + -33. Let h = q - 1. Suppose -m - h*k = -134, -3*k - 111 = -3*m + 246. Calculate the highest common divisor of 31 and m.
31
Suppose 5*i = -l + 570, -41*l = -43*l - 10. What is the highest common factor of i and 2070?
115
Let n = 237 - -285. Calculate the greatest common factor of n and 90.
18
Let v be (-24)/384 + 915/48. What is the highest common factor of v and 133?
19
Let m(d) = 2*d**2 - 8*d + 5. Let p be m(-4). Suppose -3*f - f = -5*k + 168, -2*k + f = -p. What is the highest common divisor of 4 and k?
4
Let i(c) = -c**3 - 13*c**2 - 12*c - 11. Let p be i(-12). Let d = p + 27. What is the greatest common divisor of d and 144?
16
Suppose -j + 15 = 3*z - 360, -5*z + 633 = -j. Let w(q) = -q + 8. Let l be w(-6). Calculate the greatest common divisor of l and z.
14
Let u be 4/18 + (-4550)/225. Let o = 72 + u. What is the highest common divisor of o and 13?
13
Suppose 4*i + 104 - 942 = -2*a, 4*i + 3*a - 841 = 0. Calculate the highest common divisor of 52 and i.
52
Suppose 13*i - 19*i + 126 = 0. What is the highest common divisor of i and 651?
21
Suppose -5*v + 4*y + 1645 = -0*y, 4*v = 4*y + 1320. Calculate the greatest common divisor of 25 and v.
25
Suppose 3*d - 3*q = 2*q + 55, 0 = 4*d - 5*q - 65. Suppose -25*h - 491 = -2691. Suppose 91*o - 60 = h*o. Calculate the greatest common factor of d and o.
10
Let d be (14/(-2))/(1 - 2). Let k = -247 - -254. What is the greatest common divisor of d and k?
7
Suppose 6*u = 7*u - 38. Let t be u*9/66 - 2/11. Calculate the greatest common divisor of t and 40.
5
Let s(f) = f + 6. Let o be s(-2). Suppose 3*m = -h - 